8 + 8a?
97
In base 12, what is -3 + -29b6?
-29b9
In base 12, what is -123 + -1?
-124
In base 6, what is -1252 - 241?
-1533
In base 7, what is -4 + -22?
-26
In base 10, what is -173 + -2?
-175
In base 4, what is 3 + -1123?
-1120
In base 8, what is -371 - 5?
-376
In base 4, what is 1101302 - -3?
1101311
In base 5, what is -3 + 32?
24
In base 7, what is -3 - -364?
361
In base 10, what is -780 - 7?
-787
In base 15, what is -7 + -1d?
-25
In base 2, what is 1011 - -1100001000?
1100010011
In base 14, what is -24 + 10?
-14
In base 15, what is 5 + 22?
27
In base 11, what is 4 - -151?
155
In base 5, what is -12 + 31?
14
In base 6, what is -13503 - 0?
-13503
In base 7, what is 14 + 3?
20
In base 10, what is 88 + -44?
44
In base 13, what is 7 + 9?
13
In base 6, what is -431 - 31?
-502
In base 14, what is 93c - -5?
943
In base 9, what is -312 - 3?
-315
In base 13, what is 68 + -26?
42
In base 9, what is 4117 - -4?
4122
In base 14, what is -1995 - 2?
-1997
In base 3, what is -11202222 + -2?
-11210001
In base 10, what is -20 + 5?
-15
In base 14, what is -2 - 1b?
-1d
In base 16, what is 267 + 3?
26a
In base 9, what is -3 - 270?
-273
In base 15, what is -1 - 15?
-16
In base 14, what is -12 + 37?
25
In base 2, what is -100 - -11010101110?
11010101010
In base 6, what is -334 + 42?
-252
In base 6, what is -30035 + -1?
-30040
In base 6, what is 22 + 221?
243
In base 8, what is 5 + 266?
273
In base 5, what is 2340 + 2?
2342
In base 15, what is 157 - -1a?
172
In base 8, what is -200 + -1?
-201
In base 14, what is 7 - 1c0?
-1b7
In base 9, what is -2 + 460?
457
In base 15, what is -49 + -1a?
-64
In base 6, what is 1 - 55?
-54
In base 14, what is 2 - -353?
355
In base 5, what is 1 + 324?
330
In base 9, what is 32 - 354?
-322
In base 4, what is 13 - 1112?
-1033
In base 2, what is 1101 + -11001100?
-10111111
In base 13, what is 4 + 2c?
33
In base 3, what is 2100001 + 10?
2100011
In base 12, what is -191 + 2?
-18b
In base 2, what is 100 + -111010010?
-111001110
In base 11, what is -1 - -193?
192
In base 11, what is 2280 - -1?
2281
In base 14, what is 23 - 3?
20
In base 10, what is 5 - 35?
-30
In base 12, what is -4 - -12?
a
In base 9, what is -3 + 216?
213
In base 12, what is -5 + -728?
-731
In base 6, what is -11 - 203?
-214
In base 7, what is -16452 + 0?
-16452
In base 14, what is 6 - -5?
b
In base 16, what is 1 + -19e?
-19d
In base 3, what is -1001 - -10110?
2102
In base 11, what is -138 - -2?
-136
In base 7, what is 0 + 244?
244
In base 15, what is -28 + a?
-1d
In base 16, what is -23 + -9?
-2c
In base 4, what is -30 + -1212?
-1302
In base 6, what is 0 + 10315?
10315
In base 10, what is -12 + 4?
-8
In base 5, what is -11 - -13?
2
In base 11, what is 5308 - -2?
530a
In base 4, what is 3 + -11311?
-11302
In base 7, what is -24 - 1010?
-1034
In base 2, what is 111100110001 + 11?
111100110100
In base 11, what is 175 - 2?
173
In base 2, what is -100 + 11110110101?
11110110001
In base 10, what is 44 + 7?
51
In base 13, what is -4 - ca?
-101
In base 2, what is 1101011011 + 10?
1101011101
In base 14, what is 3 - 309?
-306
In base 14, what is 3 - 7a?
-77
In base 16, what is -2 + -50?
-52
In base 16, what is 0 - -26?
26
In base 6, what is 133 - 2?
131
In base 12, what is -604 - -5?
-5bb
In base 2, what is 0 - -11011101000?
11011101000
In base 2, what is -11001 + -10000110110?
-10001001111
In base 15, what is -e - -b?
-3
In base 8, what is 704 - 3?
701
In base 10, what is 94 - 5?
89
In base 11, what is -39 + 101?
73
In base 14, what is -6b + -3?
-70
In base 16, what is 1 + 2b?
2c
In base 6, what is 22 + 145?
211
In base 5, what is -11422 - -3?
-11414
In base 9, what is 4 + -21?
-16
In base 10, what is -3 - -48?
45
In base 2, what is -1101 - -10?
-1011
In base 16, what is -a + -d1?
-db
In base 9, what is -10 - -22?
12
In base 10, what is -954 - 8?
-962
In base 15, what is -b0 - 2?
-b2
In base 4, what is 3 + -102?
-33
In base 6, what is 1 - 131?
-130
In base 13, what is -1992 + 1?
-1991
In base 13, what is 43a - -4?
441
In base 13, what is 11b - -4?
122
In base 3, what is 1111 - -2?
1120
In base 12, what is 1 + 116?
117
In base 14, what is -49 - 54?
-9d
In base 2, what is -1000101001 + 111?
-1000100010
In base 11, what is 24 - -583?
5a7
In base 5, what is -1401 + 430?
-421
In base 15, what is 11 - c?
4
In base 15, what is -243 - -1?
-242
In base 6, what is -35 + -103?
-142
In base 15, what is 1e - -5?
24
In base 6, what is 211 - -40?
251
In base 12, what is 36 - 22?
14
In base 5, what is -204 + 24?
-130
In base 4, what is 111 - 200?
-23
In base 4, what is 0 - -33013?
33013
In base 12, what is 110 + -29?
a3
In base 15, what is -6 - -194d?
1947
In base 10, what is 4 + -307?
-303
In base 5, what is 2121 + 4?
2130
In base 9, what is 54 - 4?
50
In base 2, what is -1000000 - -100?
-111100
In base 6, what is 245 - 4?
241
In base 10, what is -34 - 9?
-43
In base 6, what is -13 - -443?
430
In base 9, what is -3 + -18?
-22
In base 5, what is 12 - -101?
113
In base 9, what is 2766 + 2?
2768
In base 12, what is 103 - -5?
108
In base 15, what is -e4 + 1?
-e3
In base 14, what is 30 - 8c?
-5c
In base 5, what is 0 - 2000?
-2000
In base 6, what is 220 + -1?
215
In base 14, what is 2 + -20?
-1c
In base 8, what is -14270 + 0?
-14270
In base 6, what is -4443 - 2?
-4445
In base 11, what is -107 + 5?
-102
In base 6, what is -2 - 25?
-31
In base 14, what is 17a + -2?
178
In base 5, what is -3 + 201240?
201232
In base 4, what is -330 + 2130?
1200
In base 5, what is 1 + 144?
200
In base 3, what is -1011 - 100101?
-101112
In base 6, what is 435411 + 4?
435415
In base 7, what is -113 + -5?
-121
In base 13, what is -5a8a - 0?
-5a8a
In base 14, what is 12b + -2?
129
In base 14, what is -4 + 407?
403
In base 9, what is -3 - 46?
-50
In base 5, what is 0 + 1241?
1241
In base 2, what is -1000100001 - 1?
-1000100010
In base 15, what is -10 - 82?
-92
In base 4, what is -20321 + 30?
-20231
In base 9, what is -23 + -1135?
-1158
In base 3, what is -10001122 - 12?
-10001211
In base 10, what is 4 + -19?
-15
In base 7, what is 6160 - 3?
6154
In base 14, what is 5 - 0?
5
In base 8, what is 0 + 1275?
1275
In base 8, what is -74 + -173?
-267
In base 16, what is 1d + -4?
19
In base 13, what is 1002 + 3?
1005
In base 12, what is 9 + -b9?
-b0
In base 9, what is -16 - -2?
-14
In base 13, what is -3 + 52?
4c
In base 13, what is -171 + -12?
-183
In base 10, what is -3 + 123?
120
In base 4, what is -222003 + -10?
-222013
In base 9, what is 42 - -22?
64
In base 4, what is -111 + -31?
-202
In base 16, what is e - -8a?
98
In base 3, what is -12 - -202222?
202210
In base 2, what is -1011011100000 - 10?
-1011011100010
In base 11, what is -4 + 55?
51
In base 2, what is 111101 + -10001?
101100
In base 3, what is -1 - -1000112?
1000111
In base 11, what is -3 + -7?
-a
In base 2, what is 111110010010 - -101?
111110010111
In base 2, what is -1001101001 - 101110?
-1010010111
In base 8, what is -453 + -67?
-542
In base 13, what is -66 - 5?
-6b
In base 14, what is 57 + 0?
57
In base 10, what is -2 + 8?
6
In base 14, what is 3 + -41?
-3c
In base 12, what is -34 - 5?
-39
In base 2, what is -10001100 - -111010?
-1010010
In base 13, what is 3 + 46?
49
In base 13, what is 431 + 8?
439
In base 6, what is -24 + -3?
-31
In base 7, what is -2 + -51?
-53
In base 8, what is 11 - -1534?
1545
In base 6, what is -15 + -23?
-42
In base 11, what is 5 + -32?
-28
In base 2, what is 1 + -1011111?
-1011110
In base 16, what is -24 + 8?
-1c
In base 3, what is -12 + -1211?
-2000
In base 3, what is -21220 - -2?
-21211
In base 3, what is 10 + -1100121?
-1100111
In base 2, what is -110110 + -110?
-111100
In base 7, what is -45341 - -2?
-45336
In base 3, what is 2002 - 0?
2002
In base 3, what is -10112 + -12?
-10201
In base 15, what is 4 + 158?
15c
In base 8, what is -77067 - -1?
-77066
In base 11, what is a6 + 6?
101
In base 5, what is -10 + -244?
-304
In base 14, what is 50 - 0?
50
In base 2, what is 100011 + -11?
100000
In base 13, what is 404 - 2?
402
In base 5, what is -10 - 30?
-40
In base 8, what is 566 + 25?
613
In base 4, what is 12 - -13132?
13210
In base 8, what is 2360 + -3?
2355
In base 15, what is -59 + -4?
-5d
In base 15, what is -12 - -b?
-6
In base 11, what is 214 - -1?
215
In base 14, what is 7b + -3?
78
In base 5, what is -1011 + 0?
-1011
In base 